26 = -5*g - 3*y, 140*y = 4*g + 141*y - 36185. List the prime factors of g.
83, 109
Suppose 321282 = -241*n + 267*n. What are the prime factors of n?
3, 1373
Let n be (((-16)/3)/(-4))/(8/1644). Suppose -34 = -2*i + n. Suppose 6*b - b = -x + 148, -i = -5*b - 3*x. What are the prime factors of b?
29
What are the prime factors of (-134506)/(-11) + ((-52)/78 - (-28)/33)?
2, 3, 1019
Let s(n) = 9*n**2 + 14*n - 42. Let g be s(12). Suppose 11*q - 8*q - g = 0. What are the prime factors of q?
2, 3, 79
Suppose 19*d - 6329 = 18*d - 4*v, d = v + 6359. What are the prime factors of d?
6353
Suppose -13*w - 168 = -17*w. Let f(c) = c**2 + 1. Let a be f(-3). Let u = a + w. What are the prime factors of u?
2, 13
Let d be 1*2*-1 + 153/17. Let z be ((-378)/49)/((-1)/d). Let f = 120 - z. What are the prime factors of f?
2, 3, 11
Suppose 128 = 5*k - 42. Let m = 42 - k. List the prime factors of (m/10)/((-4)/(-530)).
2, 53
Let t = 23446 - 13853. What are the prime factors of t?
53, 181
Let d(b) = 151 + 49*b - 371 + 174. List the prime factors of d(6).
2, 31
Let m be (-10)/(-30) - (-64)/(-12). Let h(f) be the second derivative of -4*f**3/3 + 8*f**2 - 4*f. List the prime factors of h(m).
2, 7
Let h = -30 - -37. Suppose -j = h - 1. What are the prime factors of -1*(-807)/2*(-4)/j?
269
Let h(l) = l**2 + 12*l + 13. Let w be h(-11). Let a = w - -4. Suppose -7*v - a + 629 = 0. What are the prime factors of v?
89
Let n = 268 + 785. Let d = n - 600. Let w = d + -305. What are the prime factors of w?
2, 37
Let i = 176 - 186. List the prime factors of (13115/244)/(i/(-16)).
2, 43
Let k(b) be the third derivative of -3*b**4/8 - b**2. Let q = 12822 - 12824. List the prime factors of k(q).
2, 3
Suppose -129*p - 3*k - 60761 = -134*p, 5*k = 2*p - 24312. List the prime factors of p.
29, 419
Suppose -60 = -14*h + 38. Suppose -h*r = l - 6*r - 468, -2*r = -2. List the prime factors of l.
467
Let k(d) = -d**3 + d - 240. Let j be k(0). Let q = j - -506. Suppose -9*p = -7*p - q. What are the prime factors of p?
7, 19
Let j = -3157 + 9979. What are the prime factors of j?
2, 3, 379
What are the prime factors of (-9560)/(-6)*(-819)/(-364)?
3, 5, 239
Let c be (-1 + (-2)/2)*85. Let z = 338 + c. Let g = -86 + z. What are the prime factors of g?
2, 41
Suppose -x = r - 4636, -r = -6*r - x + 23196. What are the prime factors of r?
2, 5, 29
Let c be (1/(-5) + 1)/((-10)/(-13125)). Let i = c + -477. Suppose 3*o - 3*s + i = 6*o, -2*o + 4*s + 382 = 0. List the prime factors of o.
191
Suppose 69912 = 251*o - 248*o. What are the prime factors of o?
2, 3, 971
Let j = 866 - 866. Let u = 85 - 21. Suppose j = 2*t - 282 - u. List the prime factors of t.
173
Suppose 0 = -8*a + 3*a + 30. Suppose -4*r - 9 = -41. What are the prime factors of r*(111/a + -1 + -3)?
2, 29
Suppose 0 = 3*v + t - 32, -10*v + 2*t + 32 = -8*v. Let z(b) = 8*b**2 + 3*b - b**3 + 16 + 4*b**2 - b. What are the prime factors of z(v)?
2, 5
Let k(h) = -36*h + 36. Suppose 64*z = 67*z + 60. Let y be k(z). Let q = y - 537. List the prime factors of q.
3, 73
Suppose -7*n - 235 = -2*n. Let g(a) = 22*a - 9. Let h be g(4). Let l = h + n. What are the prime factors of l?
2
Let b(n) = 102*n + 68. Let x be b(-7). Let j = 208 - x. List the prime factors of j.
2, 7, 61
Let v(p) = p**2 - 17*p - 44. Let r be v(-3). List the prime factors of -2 + r*12 + (-1 - 2).
11, 17
Let z = 4399 - 3024. Suppose 457 + z = 4*b. What are the prime factors of b?
2, 229
Suppose 2*x + 5*k + 3855 - 17326 = 0, -4*x + 4*k + 26984 = 0. List the prime factors of x.
11, 613
Suppose 0 = -v + 3*y + 48059, -3*v = 70*y - 65*y - 144093. List the prime factors of v.
7, 6863
Let p(d) = -d**3 - 3*d**2 - 2*d + 2. Let f be p(-2). Suppose -3*q + f*u = -2*q, -3*q = 2*u + 16. List the prime factors of -23*(q - (-6 + 4)).
2, 23
Suppose -253 = -0*u - u. Suppose 0 = -8*h + 2253 - u. Suppose 3*o - 119 - h = -4*r, -461 = -4*o + 5*r. List the prime factors of o.
7, 17
Suppose -2*f = o + 147, 3*f + 216 = -0*o - 3*o. Let r = f - -286. Suppose -u + r = k, 0 = 3*u - 2*k - 248 - 400. List the prime factors of u.
2, 107
Let j = 23 + -32. Let l = 410 + j. List the prime factors of l.
401
Suppose -11*h + 32483 = 31*h - 97507. List the prime factors of h.
5, 619
Let r(w) = 2*w**2 + 4*w + 15. Let u be r(37). Suppose 4*h = 4*q + 2936, 12*h = 8*h - 3*q + u. List the prime factors of h.
3
Let m(q) = -434*q - 15. Let h be m(-1). Let f = h - -24. List the prime factors of f.
443
Let p(d) = d**2 - 3*d. Let q(w) = -2*w**2 + 7*w - 1. Let c(t) = 9*p(t) + 4*q(t). Let l be c(-3). Suppose l*r = 8*r - 192. What are the prime factors of r?
2
Suppose 0 = -j - 4*h + 7846, j - 3*h = 3790 + 4070. List the prime factors of j.
2, 3, 7, 11, 17
Let b(n) = 94*n**3 + n**2. Suppose -19 = 3*d - 4*f - 2, -5 = -f. What are the prime factors of b(d)?
5, 19
Let m(p) = -p**3 + 2*p**2 + 5*p - 148. Let z be m(0). What are the prime factors of z/(((-7)/28)/1)?
2, 37
Let n(k) = -k**3 - 14*k**2 - k - 11. Let p be n(-14). Let j be p/(-12)*674*-2. Suppose -9*y + 752 = -j. List the prime factors of y.
11
Let o(r) = 1. Let i(g) = 3*g**3 - 10*g**2 + 7*g - 51. Let c(y) = i(y) + 3*o(y). What are the prime factors of c(7)?
2, 3, 5
Suppose 6*k - 1000 = 206. Let n = -93 + k. List the prime factors of n.
2, 3
Suppose 4454 + 992 + 5009 = z. What are the prime factors of z?
3, 5, 17, 41
Let g(z) = -9*z**3 + 11*z**2 + 15*z - 13. Let h(a) = -11*a**3 + 11*a**2 + 14*a - 14. Let p(s) = -6*g(s) + 5*h(s). What are the prime factors of p(-10)?
2, 3
Suppose -u - 3*g = -46 - 107, -2*g = 4. Let b = u - -228. What are the prime factors of b?
3, 43
What are the prime factors of (38918 - 1) + ((-1 - 7)/(-8))/1?
2, 11, 29, 61
Let h = -17260 - -30247. List the prime factors of h.
3, 13, 37
Suppose 11 = -2*q - 4*n + 29, n = 3. Suppose q*a + 0 = 6. Suppose -2*z = -2*k - 418, -3*k - 327 = -a*z + 95. What are the prime factors of z?
5, 41
Suppose 0 = 6*h - 2*h - 792. Let y(i) = i**2 + 21*i + 21. Let n be y(-8). Let q = h + n. What are the prime factors of q?
5, 23
Suppose -w + 6*w - 50846 = -351. What are the prime factors of w?
10099
Let r(v) = -4*v**3 - 7*v**2 - 24*v + 105. List the prime factors of r(-9).
2, 3, 5, 89
Suppose 10*s - 11*s = -19. Suppose -2*v - 47 = -3*j, -4*j + s = -v - 42. Suppose c - 59 - j = 0. What are the prime factors of c?
2, 37
Let c = 90 - 86. Suppose -524 = c*k - 8*k. Suppose -k = -5*g - 41. What are the prime factors of g?
2, 3
What are the prime factors of (((-1654)/(-3))/(130/(-195)))/(-1)?
827
Let j be (-1 - 3) + 18*(-1)/(-3). Let s be (-1 - 1)*(-1 - -9). List the prime factors of (s/(-24))/(j/195).
5, 13
Suppose 18*q - 7*q = 2178. Suppose -4*b + 5*g = -2162 - q, -4*g = -3*b + 1771. List the prime factors of b.
3, 5, 13
Let w(x) = 295*x**2 + 24*x - 23. What are the prime factors of w(-8)?
5, 3733
Suppose 378086 = 115*r - 1370719. What are the prime factors of r?
3, 37, 137
Suppose -20*l + 26*l + 60 = 0. Let m(r) = 10*r**2 - 19*r - 31. List the prime factors of m(l).
19, 61
Suppose -3*v - 4*y + 10206 = 0, 4*v - 17039 = -v + 3*y. List the prime factors of v.
2, 13, 131
Suppose 0 = -b + 5*i + 41450, -30*b + 33*b - 124294 = i. What are the prime factors of b?
2, 3, 5, 1381
Let l(x) = 30*x**3 + 16*x**2 + 8*x - 23. Let j be l(-2). Suppose -5*u + 5*k + 2635 = 0, 439 = u + 5*k - 70. Let m = u + j. List the prime factors of m.
3, 103
Suppose 3*h + 3 = 6*h. List the prime factors of 3/4*4*(h + 0).
3
Let d be 214*((-1)/((-10)/45) + -4). Let o = 337 - 156. Let a = o - d. What are the prime factors of a?
2, 37
Let n be 7/(1*-1)*(-900)/210. Let m(v) = -14 - 31*v + n - 18. List the prime factors of m(-7).
5, 43
Suppose -p - 5*y = -y - 11, 5 = 3*p - 2*y. Let z be (0 + 7 - p) + -3. What are the prime factors of 13 - (z - (-4 - -5))?
13
Let a(u) = u**2 - 20*u + 103. Let x be a(9). Suppose -4*f = 6*b - 2*b - 5932, f - x*b = 1473. What are the prime factors of f?
1481
What are the prime factors of (-1268)/2*(-21)/7*1?
2, 3, 317
Suppose 51078 = 4*v - t, -5*v + 63847 = 12*t - 13*t. What are the prime factors of v?
113
What are the prime factors of 19 + -12*471402/(-108)?
151, 347
Suppose -q - 3*t + 72128 = 0, -9*q = -10*q + 4*t + 72177. List the prime factors of q.
7, 11, 937
Let n = -256 - -259. Suppose -n*v = -v + 8, -4*v + 680 = 3*q. List the prime factors of q.
